- (27 + -61 - -100).
4
Evaluate -11 + 4 + 45 + (-38 + 10 - -27).
37
What is the value of (-1 - -10) + -51 + 65 + 11?
34
-57 - (-33 + 84) - -42
-66
-10 + (34 - -17) + -38 - (-2 - (2 - -15))
22
Evaluate -14 + (13 - -4) + -10 - (21 - 101).
73
-26 + (-2 - -10) + (4 - (87 - 12))
-89
Calculate -39 - (40 - (34 - -3)).
-42
(-80 - (31 + -101)) + (-39 + 1 - -3)
-45
-52 + (81 - 19) + -39
-29
-139 + ((-4 - 7) + -5 - (14 + -11 + -7))
-151
What is the value of -7 - (63 + 11) - (-6 + -6 + -1 + 5)?
-73
What is the value of -2 + 55 - 24 - 19?
10
What is -17 - ((-33 - -12 - -12) + -1 + 2 + 1)?
-10
What is 109 - 83 - (47 - 4)?
-17
What is (-2 - 6) + (2 - 23 - -4) - 14?
-39
Calculate 3 + (-8 - (-37 + (6 - -7))).
19
What is the value of (-20 - (-2 + 19 + -29)) + -23?
-31
(41 - 1) + -404 + 334
-30
Evaluate -111 + 93 + 55 - 87.
-50
Evaluate (-76 - (2 + 1)) + (-1501 - -1522).
-58
Calculate -48 + 48 + (18 - 15).
3
What is 108 + (-32 + -19 - -22 - -5)?
84
(2 + 22 - 11) + (37 - -5)
55
What is the value of -328 + 231 + (6 - -91)?
0
What is the value of -12 + 2 + (7 - 3) + -2 - 13?
-21
Calculate 2 + (5 + -13 - -11) - (-8 + 7).
6
Calculate (8 - 1 - (30 + -87 - -54)) + 4 + 7.
21
Calculate -9 + (15 - -3) + (13 + -7 - 46).
-31
What is 8 + (-9 - -11) - (4 - (-45 + -3 + 5))?
-37
Evaluate (-12 - -26 - (5 + -1 - -6)) + 29 + 4.
37
What is the value of (-69 - (-1 + (6 - (21 + -22)))) + 21?
-54
-57 - -1 - -56 - 10
-10
Calculate -2 + 13 - (-53 - (58 + (-23 - 5))).
94
Evaluate 5 - (-80 + 93 + (-2 + -4 - -37)).
-39
Evaluate -42 + -16 + 8 + 11 - (8 + -3).
-44
Calculate -4 + 17 + 7 + -18 + -13 + 1 - -4.
-6
Evaluate 52 - ((12 - 39) + -2 + 21).
60
-65 + 176 + -130 - (4 + 66)
-89
Calculate -156 + (166 - 76) + 1 + 9 + 0.
-56
What is 19 + -7 + (100 - (1 + 9)) - (3 + 8)?
91
0 + -17 + 148 + -113 - (-6 - -18)
6
Calculate 390 - 347 - (-5 - -12).
36
Calculate 6 + (-60 - -42) + (26 - 0).
14
Evaluate -8 + -18 - (-44 + 82 + -47).
-17
What is 1285 + -1314 - (-1 - 43)?
15
What is the value of 19 - (21 - -17) - (-21 + 15)?
-13
Calculate (324 - 326 - -111) + (4 - 2 - -8).
119
What is 15 - 8 - -6 - -4 - 59?
-42
What is (22 - 3 - 30) + (-4 - -2) + 9?
-4
What is the value of (-1 - -8) + (-2 + -8 - (12 - 123 - -16))?
92
-21 + -22 + 12 + 4 + (-5 - -2) + 2
-28
Calculate (7 - 14) + (10 - -15) + -24.
-6
What is 3 + -9 + 61 + -16 + -28 + 30?
41
Evaluate 42 + -5 + -1 + 321 + -318.
39
What is 34 - (-21 - (-64 + 27) - 62)?
80
Calculate 53 + 7 + -12 + (24 - 38).
34
Evaluate -209 + 225 + (0 - 2 - -17).
31
24 + -9 + -17 + 30 + -87
-59
39 - (-129 + 38 - 5)
135
3 + (-4 - -2) + -65 - (-15 + 3 + 8)
-60
-25 - (-36 + 21 + -6 + -29)
25
Evaluate (7 + -9 - -21) + (-7 - (-64 - 6)).
82
What is -70 + (-46 + 87 - -74)?
45
What is the value of -1 - (-53 + -7) - (-3 + (8 - 11) - 4)?
69
0 + (17 - (20 - 2)) + (-1 - -15)
13
21 + 13 + -69 + 14 + (23 - 2)
0
Calculate (1 - (8 + -5 + 15)) + (93 - 40).
36
What is the value of -85 + (33 + -7 - 15 - (-4 - -17)) + 8?
-79
What is the value of 13 + (61 - 145) - -34?
-37
What is (-6 + 30 - (26 + -19)) + 3 + (-2 - 2)?
16
Calculate (26 - (-22 - -25)) + 4 + 31.
58
Evaluate 2 + 10 + (58 + 11 + (4 - 14) - -7).
78
Calculate -67 - (48 - 97 - 0).
-18
Calculate -133 + (64 - -22) + -8.
-55
What is the value of 54 - (139 + -97 + 72)?
-60
Evaluate (27 - 8 - (49 + -11) - (-1 + 2)) + -7.
-27
-14 + (7 - -19) - (-2 - -52)
-38
What is the value of -43 + 13 + (-31 + 6 - -12 - 15)?
-58
What is the value of 13 + -8 + 4 - ((-10 - -24) + -13 + -42)?
50
Calculate -12 + (34 + -22 - 17 - (-6 - 2)).
-9
Evaluate (93 - 87) + (6 - 8) + (14 - 1).
17
84 + 56 + -67 - 151
-78
What is 31 + -2 - (-78 + 25 - -203)?
-121
What is -22 + -7 + 18 - -79 - 13?
55
What is (3 + 0 - 8) + -3 - (50 - (185 - 64))?
63
-69 + -23 + 35 + 93
36
What is the value of 12 + (4 - -7 - 120 - ((14 - -2) + -16))?
-97
Calculate 0 - (104 + 25 + -127).
-2
Evaluate -18 - (26 + -48 + 2).
2
(-47 + 72 - 29) + 5
1
Calculate (1 - (-11 - -12) - 7) + 1 + -27 + -4.
-37
Evaluate (6 - 13) + -203 + 174.
-36
Evaluate -287 + 355 + (-3 - 6).
59
What is -9 - ((123 - 131) + (0 - -14)) - -1?
-14
Evaluate (14 - 12 - (3 + 1)) + -31 + -11.
-44
What is the value of (20 - (12 - 19)) + (0 - 13)?
14
(102 - (-1 + 85)) + 15 + -2
31
What is 6 - ((-23 - 3) + 49) - 31?
-48
What is -46 - ((-27 - -43 - (2 + 30)) + 30)?
-60
Evaluate -10 + (3 - 1) - (14 + (3 - (2 + -5))).
-28
What is the value of (-1 - -2) + 58 + 1 - (-2898 - -2894) - 15?
49
Calculate 37 + -4 + (1 - (0 - -1)) - (2210 + -2214).
37
Calculate (31 - 1 - (1398 + -1379)) + 11 + -1.
21
Evaluate -83 - (-74 + 75 - 64).
-20
What is the value of (-17 - (-1 - -3)) + -6 + (-1495 - -1521)?
1
Calculate (100 - 37) + -67 + (95 - 5).
86
Evaluate -1 + -2 + -2 - 4 - (14 - 13 - 8).
-2
What is 21 - (29 - 17 - 3 - (20 + -2))?
30
Evaluate 271 + (-336 - -66) - ((114 - (0 + -2)) + 0).
-115
What is -78 + 2 + 26 + 52 + -47?
-45
What is the value of -13 + 11 + -18 + 50?
30
-8 - ((-78 - -33) + -46)
83
-67 - 22 - (-257 + 143)
25
Calculate -24 - (-120 - ((-6 - -11) + -34)).
67
What is the value of (27 - 2 - (30 - 11)) + 55?
61
Evaluate -3 + 4 + (-2 - -1 - (-4 - -7)).
-3
Calculate 4 - -5 - 13 - -34 - 119.
-89
Calculate -10 + 6 - (-1 + 45).
-48
Calculate -97 - (-23 - 168 - -2).
92
Calculate -19 + 0 + (2 + 28 - ((20 - 14) + 21)).
-16
What is the value of 59 + (54 + -97 + 68 - (-2 + 14 + 1))?
71
(10 - -1) + 257 + -254 + 2
16
What is -79 + 0 - (-7 + -194 + 180)?
-58
Calculate 155 + -164 + -2 + 3 + -1 + 1.
-8
Evaluate (-1 - -6) + -18 - (57 + -77) - (-44 + 1).
50
26 + (-25 - -19 - 37)
-17
What is the value of 14 - (-44 - (-36 - 81))?
-59
Evaluate (-13 - 4) + 12 + -2 + 18 + -18 - -108.
101
12 + 1 + 4 + -11 + 6 + 43
55
Calculate -5447 + 5447 + (1 + 0 - (62 + 2 - 0)).
-63
What is the value of 6 + (7 + -11 - -90) - (125 + -116)?
83
(16 - 83) + -17 + (1 + 9 - (-24 - -32))
-82
Evaluate (-12 - -37) + (1 - (8 + -7)).
25
Evaluate 15 - 1 - (-4 + -7 + 7 + -60 + 54).
24
Calculate 12 + 1 - (-201 + 54 + 78).
82
Calculate -9 + -13 + (-4 - -5) - -15.
-6
-63 + (-19 - (1 - 13 - (18 + -12 - 6)))
-70
79 - (-87 - -73 - -98)
-5
5 + -2 + -1 + (-784 - -825 - (-2 - 15))
60
What is the value of (-2 - 0) + (40 - (253 - 108)) - 14?
-121
What is (12 - 11 - (-5 - (-26 - -29))) + 0 + 0?
9
8 - (-32 + 18 + -21 + -1)
44
What is the value of (-4 - -3) + (6 - 2) + -4 + (-3 - -40)?
36
What is the value of -424 - -431 - (-101 + 1 - (12 + (4 - 11)))?
112
What is 14 + (6 - 6) - (-11 - 1)?
26
(2096 - 2077) + 74 + (4 - 8)
89
Calculate 20 + (-13 - (28 - 51)).
30
What is the value of (-22 - (5 - 19)) + (-4 + 4 - 6)?
-14
What is 12 - (73 + -2) - (4 - 11) - (-8 - 2)?
-42
0 + (1 - -28) + (57131 - 57152)
8
Evaluate -8 + 21 - (5 + -32 + 17).
23
What is the value of 38 + (39 - 51) + 5?
31
Calculate (11 + -11 - (-110 + 124)) + -81.
-95
What is (-5 - (-3 - -1)) + -98 - -1?
-100
Calculate -20 - ((2552 - 2609) + -1 + -36).
74
What is (-49 - (8 - 5)) + (-21 - 12 - (-54 - -26))?
-57
Evaluate (227 - 166) + (-27 - 2) - 53.
-21
What is the value of (-1 - -16) + 105 + -124 - 7 - 5?
-16
75 + -61 + -52 + (-2 - 1)
-41
104 + (-26 + 2 - -19) + -11 - (-10 + 0)
98
0 + -6 + (27 - (7 - (22 - -3))) - 13
26
Evaluate 0 + -21 + (-269 - -337) + 0.
47
What is (-24 - -7) + -447 + 420?
-44
What is 20 + 16 + -25 + -7 + 20?
24
Calculate 15 + -53 + (10 + -5 - 6) + 10.
-29
What is the value of 52 - (-3 - (0 + 6) - -9) - (-2 + -4)?
58
What is the value of (-23 - (15 - 42)) + -6 - 11 - (-2 - 111)?
100
(11 + -8 - -31) + 0 + 60
94
What is 68 - -3 - 0 - (7 + (32 - (68 - 38)))?
62
-35 + 14 + (64 - 20) + -7
16
Calculate (-1 + 3 + (106 - 114) - -9) + -5.
-2
What is (1 - (14 - 1)) + (44 - (49 + -2 + 28))?
-43
-8 + (-9 + 9 + -11 + 8 - (-7 - 1))
-3
(-9 + -45 - -4) + (-18 - 2) + 32
-38
Calculate -20 + (-37 - -15) - -52 - (1 - 14 - 1).
24
Calculate (-5928 - -6021) + (6 - 3) + -4.
92
Evaluate 4 - 2 - -4 - (-11 - (10 + -8 + 45)).
64
Evaluate 50 + (-7 - (-27 + (-3 - -9) + 4)).
60
(4 - 24) + -2 + 33 + -90 + -26
-105
What is the value of 53 - (68 + 17 - 3)?
-29
Calculate (3240 - 3274) + (-2 - -51).
15
What is the value of -10 - (-4 - -52 - (-5 + (0 - -13))) - 4?
-54
What is -20 + (0 - -1 - (-56 + (-3 - -52)))?
-12
What is 158 + -5 + (952 - 1034)?
71
What is the value of -138 + 133 - (-3 + 8 + -49)?
39
-1 + -16 - -17 - -81
81
What is the value of (1 - ((0 - 6